{"id":53,"date":"2023-10-02T22:06:46","date_gmt":"2023-10-02T22:06:46","guid":{"rendered":"https:\/\/www.stoppt-millionengrab-rathaus-bocholt.de\/?page_id=53"},"modified":"2024-10-18T08:58:59","modified_gmt":"2024-10-18T08:58:59","slug":"impressum","status":"publish","type":"page","link":"https:\/\/www.stoppt-millionengrab-rathaus-bocholt.de\/?page_id=53","title":{"rendered":"Impressum"},"content":{"rendered":"\n<p><strong><br>Verantwortlich im Sinne von \u00a7 5TMG&nbsp;<\/strong><\/p>\n\n\n\n<p>Initiatoren des B\u00fcrgerbegehrens                                                                                                        &#8222;Stoppt das Millionengrab Bocholter Rathaus&#8220; <\/p>\n\n\n\n<p>Rainer Sauer, Birgit Schmitz, Georg Bu\u00df<br>46397 Bocholt, Wesemannstra\u00dfe 21<\/p>\n","protected":false},"excerpt":{"rendered":"<p>Verantwortlich im Sinne von \u00a7 5TMG&nbsp; Initiatoren des B\u00fcrgerbegehrens &#8222;Stoppt das Millionengrab Bocholter Rathaus&#8220; Rainer Sauer, Birgit Schmitz, Georg Bu\u00df46397 Bocholt, Wesemannstra\u00dfe 21<\/p>\n","protected":false},"author":2,"featured_media":0,"parent":0,"menu_order":0,"comment_status":"closed","ping_status":"closed","template":"","meta":{"footnotes":""},"class_list":["post-53","page","type-page","status-publish","hentry"],"_links":{"self":[{"href":"https:\/\/www.stoppt-millionengrab-rathaus-bocholt.de\/index.php?rest_route=\/wp\/v2\/pages\/53","targetHints":{"allow":["GET"]}}],"collection":[{"href":"https:\/\/www.stoppt-millionengrab-rathaus-bocholt.de\/index.php?rest_route=\/wp\/v2\/pages"}],"about":[{"href":"https:\/\/www.stoppt-millionengrab-rathaus-bocholt.de\/index.php?rest_route=\/wp\/v2\/types\/page"}],"author":[{"embeddable":true,"href":"https:\/\/www.stoppt-millionengrab-rathaus-bocholt.de\/index.php?rest_route=\/wp\/v2\/users\/2"}],"replies":[{"embeddable":true,"href":"https:\/\/www.stoppt-millionengrab-rathaus-bocholt.de\/index.php?rest_route=%2Fwp%2Fv2%2Fcomments&post=53"}],"version-history":[{"count":6,"href":"https:\/\/www.stoppt-millionengrab-rathaus-bocholt.de\/index.php?rest_route=\/wp\/v2\/pages\/53\/revisions"}],"predecessor-version":[{"id":525,"href":"https:\/\/www.stoppt-millionengrab-rathaus-bocholt.de\/index.php?rest_route=\/wp\/v2\/pages\/53\/revisions\/525"}],"wp:attachment":[{"href":"https:\/\/www.stoppt-millionengrab-rathaus-bocholt.de\/index.php?rest_route=%2Fwp%2Fv2%2Fmedia&parent=53"}],"curies":[{"name":"wp","href":"https:\/\/api.w.org\/{rel}","templated":true}]}}